13*u - 8*u - 2*g - 11 = 0. What is the tens digit of -3 + 150 + 4 - u?
4
Let x be -4 + (-2 - (-3 + -7)). Let c = x - -8. What is the units digit of c?
2
Suppose 5*j + 1108 = -3*y, -3*y + 3*j = -4 + 1096. What is the tens digit of y/(-15) - 4/10?
2
What is the tens digit of 5 - ((5 - (-360)/(-5)) + -5)?
7
Let f(a) = a**3 - 2*a**2 - 4*a - 3. Let t(y) = -2*y**3 + 2*y**2 + 5*y + 2. Let z(p) = -3*f(p) - 2*t(p). What is the hundreds digit of z(5)?
1
Let y(v) = 48*v - 5. What is the tens digit of y(14)?
6
Let p(w) = -6*w - 3. Let n be p(-1). Suppose m + 119 = 4*f, 5*f = 2*m - n*m + 151. What is the tens digit of f?
3
Suppose -57 = w - 56. Let v(b) = 2 - 1 - 6*b - 3*b. What is the tens digit of v(w)?
1
Let p(h) = -70*h + 32. Let n be p(-6). Suppose -4*j - j - 4*x + n = 0, 0 = -3*j - 4*x + 276. What is the units digit of j?
8
Let f(p) = p**3 + 3*p**2 + p. Let x be f(-2). Suppose -x*z = -4*z + 118. What is the tens digit of z?
5
Suppose 18*o = 15*o + 480. Suppose -o = g - 6*g. What is the tens digit of g?
3
Let h(k) = 17*k + 8 + 47*k + 93*k + 15*k. What is the units digit of h(1)?
0
Let z(l) = 411*l - 90. What is the thousands digit of z(4)?
1
What is the hundreds digit of 693 - (9 + -3 + -8)?
6
Let i(q) = 6*q**2 + 5*q + 13. Suppose 2*n = -5*h - 3, 5*n + 22 = -0*h + 2*h. What is the units digit of i(n)?
9
Let s = -476 + -235. What is the tens digit of s/(-18)*4/2?
7
Let c = 327 - -344. What is the units digit of c?
1
Let n = 74 - 52. Suppose -19*m = -n*m + 24. What is the units digit of m?
8
Suppose -5*r = 2*c - 120, -2*c - 6*r + 118 = -2*r. Let t = 337 + -374. Let n = t + c. What is the tens digit of n?
1
Suppose b + b = -3*b. Suppose -2*u + 34 = -b*u. What is the units digit of u?
7
Suppose 20 = -3*y + 4*y - 4*r, 24 = 5*y - r. Suppose -y*d = 4*s + 1312, d - 5*s - 85 = -413. What is the units digit of d/(-12) + (-4)/(-6)?
8
What is the tens digit of (2/(-4)*652)/(-2)?
6
Let l(n) = -n**2 + 14*n - 20. Let d be l(8). Let h = d - 26. What is the units digit of h?
2
What is the thousands digit of 6384/(-18)*(-9 - (3 + -9))?
1
What is the thousands digit of (-2 + -3)*(-159126)/165?
4
Suppose -46 - 19 = -w. Let g = -33 + w. What is the tens digit of g?
3
Let b(p) = -p**2 + 10*p - 1. Let g be b(12). Let y = 30 + g. Suppose 2*u - y = 67. What is the units digit of u?
6
Let l = -1826 - -2790. Let n be (-2)/(-9) + l/36. What is the tens digit of n + 2 + -1 + 3?
3
Let p be (((-12)/(-8))/3)/(3/6). Let y(c) = c**2 + 9*c**2 + 8*c**2. What is the tens digit of y(p)?
1
Let q(m) = -2*m**2 - 9*m + 11. Let f be q(-9). Let p be (120/f)/((-2)/7). What is the tens digit of ((-6)/5)/(p/(-105))?
2
Let j(v) = 7*v + 203. What is the units digit of j(14)?
1
Let h = -74 + 168. Suppose -2 = -2*g + h. Suppose -b = -2*c - g, 165 = 5*b + c - 64. What is the tens digit of b?
4
Suppose 5*d + 5 = 0, -4*z + 5*d - 35 = -184. Let n = -12 + z. Suppose -5*f - 6*p + 2*p = -n, 5*f = -2*p + 32. What is the units digit of f?
8
Suppose 5*t - 5*x - 110 = 0, -t + 5*x + 2 + 28 = 0. Let b be (-4)/t + 32/10. Suppose b - 16 = -p - 2*g, p = -g + 10. What is the units digit of p?
7
Let s(r) = -2*r - 3. Let y be s(-4). Let l = -26 + y. What is the tens digit of 7/l - 67/(-3)?
2
Let m(h) = h**2 - 2*h - 3. Let v be -5 - -3 - -3 - -43. Let a be 2/(-11) + 228/v. What is the units digit of m(a)?
2
Suppose -o + 939 = 3*k, -5*k - 736 = -5*o - 2281. What is the tens digit of k?
1
Suppose -n = -3*n + q + 375, -3*q - 939 = -5*n. What is the tens digit of (-7 + n/30)/((-1)/215)?
7
Let g be -4 + 1 - (-107 + 2). Suppose 5*k = -4*s + 52, -g = 2*s - 7*s + 3*k. What is the tens digit of ((-12)/s)/(2/(-66))?
2
Suppose -4 + 6 = n. Let r = n + 22. Suppose -w = -11 - r. What is the units digit of w?
5
Let t be 12 - (1 - 0 - -1). What is the units digit of 525/15*16/t?
6
Let u be (-15)/((-40)/15 + 3). Let k = -40 - u. What is the units digit of 5/(5*k/175)?
5
Let s = 348 - 63. Suppose -6*l = -4*l - 4*p - 176, 0 = 3*l + p - s. What is the tens digit of l?
9
Let q(h) be the second derivative of -h**4/12 + 2*h**3 - 11*h**2/2 + 21*h. What is the tens digit of q(8)?
2
Let v = 2769 - -273. What is the thousands digit of v?
3
Let u = -24 + 25. Suppose -15 = -4*a + u. Suppose a*g - 9 = d, -2 = -5*g + 13. What is the units digit of d?
3
Let b = 753 + -447. Suppose 52*m = 55*m - b. What is the units digit of m?
2
Let k = -9 - -9. Let i(c) = -c**2 + c - 17. Let q be i(k). What is the tens digit of (-6)/2 - (q + 0)?
1
Suppose -2*l + 2815 = 5*f, 5*f - l - 2*l - 2790 = 0. Let t = f + -390. What is the hundreds digit of t?
1
Let l be -14 - 1*(-3)/1. Let d = -12 - l. What is the units digit of -5 + (d - -2) + 31?
7
Suppose 4*v - 964 = 5*x, -2*x - 400 = -v + 3*v. What is the tens digit of x*1*5/(-10)?
9
Suppose 0 = -3*q + 5*v + 1018, 2*q + 17*v - 668 = 15*v. What is the hundreds digit of q?
3
Let w(r) = 20*r + 3085. What is the tens digit of w(0)?
8
Let m(x) = 47*x - 13. Let o(u) = -24*u + 7. Let f(y) = -4*m(y) - 7*o(y). What is the units digit of f(-7)?
3
Let u(c) be the first derivative of c**4/4 + 8*c**3/3 - c**2/2 - 7*c + 5. Let w be u(-8). What is the tens digit of ((-58)/(-6))/(w/3)?
2
Suppose 5*x - 761 = -5*u - 111, -u + 126 = 5*x. Let j = u + -55. Suppose -2*k + j = 2*k. What is the tens digit of k?
1
Let x(o) = 28*o**2 - 17*o**2 - 3*o - 4 + 11*o**2. What is the tens digit of x(-1)?
2
Let k be 2/7 - (-16)/(-7). Let t be 45/10 + k/4. Suppose -t*l = -3*d + 78, 7*d - 4*d - 75 = 3*l. What is the tens digit of d?
2
Suppose -12*p - 3*t = -14*p + 1494, -t + 3752 = 5*p. What is the tens digit of p?
5
What is the units digit of 5669 + (-12 - (12 - 17))?
2
Suppose 4*l + 4*o = 4, -3*l + 4*o + 6 = -2*l. Let r(b) = 59*b - 3. What is the tens digit of r(l)?
1
What is the hundreds digit of 3 + (-10)/3 - (-5414)/6?
9
Suppose -93 = -t + 62. What is the units digit of t?
5
Suppose 211 + 221 = 6*z. Let s = z + 8. What is the units digit of s?
0
Let s(b) = b**2 - 9*b - 34. What is the units digit of s(17)?
2
Let q(j) = -2*j + 3. Let o be q(-1). Suppose -o*p + 109 = -141. What is the units digit of p?
0
Suppose 0*z - 12 = -z. Let b be (4 + -5)/(2/z). What is the units digit of ((-36)/(-12))/((-2)/b)?
9
Let q(g) = -13 + 117*g - 6 - 127*g. What is the units digit of q(-9)?
1
What is the hundreds digit of (-10)/(-10)*(1 + 1)*892?
7
Suppose 0 = 4*p + p - 3*w - 106, -2*p + 55 = 3*w. Suppose -8*u - 351 = -17*u. Let h = u - p. What is the units digit of h?
6
Suppose 12 = 2*j + 4. Suppose 4*u = j*c + 32, -6*u + u + 24 = -c. Let w = 25 + c. What is the units digit of w?
1
Suppose 4*w = -5*w - 18. Let f(q) = 2*q**2 + 3. Let a be f(3). Let x = w + a. What is the tens digit of x?
1
Let h(o) = 6*o**2 + 78*o + 41. What is the units digit of h(-20)?
1
Suppose 0*j + j = -15. Let o(h) = h**2 + 13*h + 20. What is the tens digit of o(j)?
5
Let z be (35 - 4/4) + 3. Suppose 0 = -2*j + z - 5. What is the units digit of 12/7*(j - 2)?
4
Suppose -4*x + 9 = 1. Suppose x*h + h = 0. Suppose h = 3*c - 8*c + y + 13, -4*c + 20 = -4*y. What is the units digit of c?
2
Let j(v) = -2*v**3 - 12*v**2 - 19*v - 17. What is the tens digit of j(-7)?
1
Let s(f) = -60*f - 58. What is the thousands digit of s(-23)?
1
Let k(l) = 3*l - 3. Let v be k(-1). Let z = 7 + v. What is the units digit of (-13)/((z - -1) + -3)?
3
Let z(a) = -a + 5. Let o(m) = m**3 + 8*m**2. Let g be o(-8). Let n be z(g). Suppose -3*c = 4*y - 17, -c = -n*c + 4*y + 4. What is the units digit of c?
3
Suppose -6*m - 2996 = -13*m. Suppose -18*f + m = -14*f. What is the tens digit of f?
0
Suppose s - 12 = 4*s, -4*s = y - 335. What is the hundreds digit of y?
3
Suppose -a - 5*v + 6 = -0, -a - 2*v = 0. Let q be 133/28 - 1/a. Suppose c - 30 = -2*m, -c + 9 + 9 = q*m. What is the units digit of c?
8
Let a(g) = g + 1. Let s(n) = -21*n - 37. Let y(r) = a(r) - s(r). What is the units digit of y(10)?
8
Suppose 91*s = 85*s + 3822. What is the units digit of s?
7
Suppose 4*i = 3*o - 42, -4*o + i + 3*i + 56 = 0. Suppose u - 4*d - 22 = -u, 3*d + o = u. What is the units digit of u?
5
What is the tens digit of (-12)/(-18) - 3604/(-12)?
0
Let n = 26 - 20. Suppose n = z + 2*z. Suppose 5*d - 3*m - 92 = 50, 0 = -4*d - z*m + 96. What is the tens digit of d?
2
Let h(n) = 28*n**2 - 10*n + 9. Let c be h(4). What is the units digit of 4/(-6)*(3 - c/2)